{"id":23,"date":"2012-03-01T12:43:12","date_gmt":"2012-03-01T12:43:12","guid":{"rendered":"http:\/\/www.engelsizbilisim.org\/sempozyum2012\/?page_id=23"},"modified":"2025-10-03T16:27:58","modified_gmt":"2025-10-03T13:27:58","slug":"onemli-bilgiler","status":"publish","type":"page","link":"https:\/\/engelsizbilisim.org\/biltevt\/onemli-bilgiler\/","title":{"rendered":"Kongre Yeri"},"content":{"rendered":"<div class=\"elementor-element elementor-element-893c28d text-left elementor-widget elementor-widget-wd_title\" data-id=\"893c28d\" data-element_type=\"widget\" data-widget_type=\"wd_title.default\">\n<div class=\"elementor-widget-container\">\n<div class=\"title-wrapper set-mb-s reset-last-child wd-title-color-default wd-title-style-default wd-title-size-default text-left\">\n<div class=\"liner-continer\">\n<h4>Manisa Anemon Otel<\/h4>\n<p><img decoding=\"async\" src=\"https:\/\/anemonhotels.com\/wp-content\/webp-express\/webp-images\/uploads\/2023\/04\/manisa-banner.jpg.webp\" \/><\/p>\n<h4 class=\"woodmart-title-container title wd-fontsize-l\">Ula\u015f\u0131m<\/h4>\n<\/div>\n<\/div>\n<\/div>\n<\/div>\n<div class=\"elementor-element elementor-element-21a28aa elementor-icon-list--layout-traditional elementor-list-item-link-full_width elementor-widget elementor-widget-icon-list\" data-id=\"21a28aa\" data-element_type=\"widget\" data-widget_type=\"icon-list.default\">\n<div class=\"elementor-widget-container\">\n<ul class=\"elementor-icon-list-items\">\n<li class=\"elementor-icon-list-item\"><i class=\"icon icon-map-marker\" aria-hidden=\"true\"><\/i><span class=\"elementor-icon-list-text\">Ke\u00e7ilik\u00f6y Mahallesi, Mimar Sinan Bulvar\u0131, No:284\/A, 45030, Yunusemre \/ Manisa<\/span><\/li>\n<li class=\"elementor-icon-list-item\"><a href=\"tel:%20+902362334141\"><i class=\"icon icon-phone-call\" aria-hidden=\"true\"><\/i><span class=\"elementor-icon-list-text\">+90 (236) 233 41 41<\/span><\/a><\/li>\n<li class=\"elementor-icon-list-item\"><a href=\"tel:%20+902362334595\"><i class=\"fas fa-fax\" aria-hidden=\"true\"><\/i><span class=\"elementor-icon-list-text\">+90 (236) 233 4595<\/span><\/a><\/li>\n<\/ul>\n<\/div>\n<\/div>\n<div class=\"content\">\n<p>&nbsp;<\/p>\n<p><iframe loading=\"lazy\" style=\"border: 0;\" src=\"https:\/\/www.google.com\/maps\/embed?pb=!1m14!1m8!1m3!1d7737.771140469699!2d27.361998!3d38.60649!3m2!1i1024!2i768!4f13.1!3m3!1m2!1s0x14b99d2acde2e465%3A0xd37556d54b19643c!2sAnemon%20Grand%20Manisa%20Otel!5e1!3m2!1str!2str!4v1759498012798!5m2!1str!2str\" width=\"600\" height=\"450\" allowfullscreen=\"allowfullscreen\"><\/iframe>\n<\/div>\n<div class=\"slideGallery\">\n<div class=\"slide\">\n<div class=\"caption\"><\/div>\n<\/div>\n<div class=\"slide\">\n<div class=\"caption\"><\/div>\n<div class=\"image\"><\/div>\n<\/div>\n<div class=\"slide\">\n<div class=\"caption\"><\/div>\n<div class=\"image\"><\/div>\n<\/div>\n<\/div>\n<div class=\"contact\">\n<h2><\/h2>\n<\/div>\n","protected":false},"excerpt":{"rendered":"<p>Manisa Anemon Otel Ula\u015f\u0131m Ke\u00e7ilik\u00f6y Mahallesi, Mimar Sinan Bulvar\u0131, No:284\/A, 45030, Yunusemre \/ Manisa +90 (236) 233 41 41 +90 (236) 233 4595 &nbsp;<\/p>\n","protected":false},"author":1,"featured_media":0,"parent":0,"menu_order":0,"comment_status":"closed","ping_status":"closed","template":"","meta":{"spay_email":"","footnotes":""},"yoast_head":"<!-- This site is optimized with the Yoast SEO plugin v15.9 - https:\/\/yoast.com\/wordpress\/plugins\/seo\/ -->\n<title>Kongre Yeri - Bili\u015fim Teknolojilerinde Evrensel Tasar\u0131m<\/title>\n<meta name=\"robots\" content=\"index, follow, max-snippet:-1, max-image-preview:large, max-video-preview:-1\" \/>\n<link rel=\"canonical\" href=\"https:\/\/engelsizbilisim.org\/biltevt\/onemli-bilgiler\/\" \/>\n<meta property=\"og:locale\" content=\"tr_TR\" \/>\n<meta property=\"og:type\" content=\"article\" \/>\n<meta property=\"og:title\" content=\"Kongre Yeri - Bili\u015fim Teknolojilerinde Evrensel Tasar\u0131m\" \/>\n<meta property=\"og:description\" content=\"Manisa Anemon Otel Ula\u015f\u0131m Ke\u00e7ilik\u00f6y Mahallesi, Mimar Sinan Bulvar\u0131, No:284\/A, 45030, Yunusemre \/ Manisa +90 (236) 233 41 41 +90 (236) 233 4595 &nbsp;\" \/>\n<meta property=\"og:url\" content=\"https:\/\/engelsizbilisim.org\/biltevt\/onemli-bilgiler\/\" \/>\n<meta property=\"og:site_name\" content=\"Bili\u015fim Teknolojilerinde Evrensel Tasar\u0131m\" \/>\n<meta property=\"article:publisher\" content=\"https:\/\/www.facebook.com\/engelsizbilisim\" \/>\n<meta property=\"article:modified_time\" content=\"2025-10-03T13:27:58+00:00\" \/>\n<meta property=\"og:image\" content=\"https:\/\/anemonhotels.com\/wp-content\/webp-express\/webp-images\/uploads\/2023\/04\/manisa-banner.jpg.webp\" \/>\n<meta name=\"twitter:card\" content=\"summary\" \/>\n<meta name=\"twitter:site\" content=\"@engelsizbilisim\" \/>\n<meta name=\"twitter:label1\" content=\"Tahmini okuma s\u00fcresi\">\n\t<meta name=\"twitter:data1\" content=\"1 dakika\">\n<script type=\"application\/ld+json\" class=\"yoast-schema-graph\">{\"@context\":\"https:\/\/schema.org\",\"@graph\":[{\"@type\":\"WebSite\",\"@id\":\"https:\/\/engelsizbilisim.org\/biltevt\/#website\",\"url\":\"https:\/\/engelsizbilisim.org\/biltevt\/\",\"name\":\"Bili\\u015fim Teknolojilerinde Evrensel Tasar\\u0131m\",\"description\":\"Engelsiz bir d\\u00fcnya \\u0130\\u00e7in, Bili\\u015fimle engelleri kald\\u0131r\\u0131yoruz...\",\"potentialAction\":[{\"@type\":\"SearchAction\",\"target\":\"https:\/\/engelsizbilisim.org\/biltevt\/?s={search_term_string}\",\"query-input\":\"required name=search_term_string\"}],\"inLanguage\":\"tr\"},{\"@type\":\"ImageObject\",\"@id\":\"https:\/\/engelsizbilisim.org\/biltevt\/onemli-bilgiler\/#primaryimage\",\"inLanguage\":\"tr\",\"url\":\"https:\/\/anemonhotels.com\/wp-content\/webp-express\/webp-images\/uploads\/2023\/04\/manisa-banner.jpg.webp\"},{\"@type\":\"WebPage\",\"@id\":\"https:\/\/engelsizbilisim.org\/biltevt\/onemli-bilgiler\/#webpage\",\"url\":\"https:\/\/engelsizbilisim.org\/biltevt\/onemli-bilgiler\/\",\"name\":\"Kongre Yeri - Bili\\u015fim Teknolojilerinde Evrensel Tasar\\u0131m\",\"isPartOf\":{\"@id\":\"https:\/\/engelsizbilisim.org\/biltevt\/#website\"},\"primaryImageOfPage\":{\"@id\":\"https:\/\/engelsizbilisim.org\/biltevt\/onemli-bilgiler\/#primaryimage\"},\"datePublished\":\"2012-03-01T12:43:12+00:00\",\"dateModified\":\"2025-10-03T13:27:58+00:00\",\"breadcrumb\":{\"@id\":\"https:\/\/engelsizbilisim.org\/biltevt\/onemli-bilgiler\/#breadcrumb\"},\"inLanguage\":\"tr\",\"potentialAction\":[{\"@type\":\"ReadAction\",\"target\":[\"https:\/\/engelsizbilisim.org\/biltevt\/onemli-bilgiler\/\"]}]},{\"@type\":\"BreadcrumbList\",\"@id\":\"https:\/\/engelsizbilisim.org\/biltevt\/onemli-bilgiler\/#breadcrumb\",\"itemListElement\":[{\"@type\":\"ListItem\",\"position\":1,\"item\":{\"@type\":\"WebPage\",\"@id\":\"https:\/\/engelsizbilisim.org\/biltevt\/\",\"url\":\"https:\/\/engelsizbilisim.org\/biltevt\/\",\"name\":\"Ana Sayfa\"}},{\"@type\":\"ListItem\",\"position\":2,\"item\":{\"@type\":\"WebPage\",\"@id\":\"https:\/\/engelsizbilisim.org\/biltevt\/onemli-bilgiler\/\",\"url\":\"https:\/\/engelsizbilisim.org\/biltevt\/onemli-bilgiler\/\",\"name\":\"Kongre Yeri\"}}]}]}<\/script>\n<!-- \/ Yoast SEO plugin. -->","_links":{"self":[{"href":"https:\/\/engelsizbilisim.org\/biltevt\/wp-json\/wp\/v2\/pages\/23"}],"collection":[{"href":"https:\/\/engelsizbilisim.org\/biltevt\/wp-json\/wp\/v2\/pages"}],"about":[{"href":"https:\/\/engelsizbilisim.org\/biltevt\/wp-json\/wp\/v2\/types\/page"}],"author":[{"embeddable":true,"href":"https:\/\/engelsizbilisim.org\/biltevt\/wp-json\/wp\/v2\/users\/1"}],"replies":[{"embeddable":true,"href":"https:\/\/engelsizbilisim.org\/biltevt\/wp-json\/wp\/v2\/comments?post=23"}],"version-history":[{"count":21,"href":"https:\/\/engelsizbilisim.org\/biltevt\/wp-json\/wp\/v2\/pages\/23\/revisions"}],"predecessor-version":[{"id":4525,"href":"https:\/\/engelsizbilisim.org\/biltevt\/wp-json\/wp\/v2\/pages\/23\/revisions\/4525"}],"wp:attachment":[{"href":"https:\/\/engelsizbilisim.org\/biltevt\/wp-json\/wp\/v2\/media?parent=23"}],"curies":[{"name":"wp","href":"https:\/\/api.w.org\/{rel}","templated":true}]}}